et v be f(41). Calculate the greatest common factor of v and 33.
11
Suppose -4*i - 90 + 275 = -5*d, -100 = -2*i + 4*d. Suppose 0 = -12*o + 2*o + i. What is the greatest common divisor of 44 and o?
4
Suppose 0 = 4*b + 59 + 45. Let q be b/(-14) - 6/(-42). Let c(x) = 4*x**2 - 7*x + 8. Let i be c(q). What is the highest common divisor of i and 40?
10
Let t = 24 + -22. Suppose 1 + 3 = -t*s, 4*d - 5*s = 458. Calculate the highest common factor of d and 16.
16
Let a(f) = -2*f**2 - 4*f + 1. Let x be a(-2). Suppose x = -k - 14. Let j = k + 41. Calculate the highest common factor of j and 208.
26
Let z(h) = 4*h - 4. Let n be z(4). Let l be ((-42)/(-49))/(1/21). Calculate the highest common factor of n and l.
6
Let b = 5 - 5. Let c(x) = -x**2 + 56. Let a be c(b). Let j(m) = -m**3 + 20*m**2 + 22*m - 14. Let s be j(21). Calculate the highest common divisor of a and s.
7
Suppose -4*j - 2*j + 252 = 0. Suppose v - j - 36 = 0. Calculate the highest common divisor of v and 6.
6
Let j(f) = -f**3 - 7*f**2 + 11*f + 52. Let u be j(-8). Let k(y) = 14*y. Let n be k(2). Calculate the highest common divisor of n and u.
28
Let k = -16 - -142. Let y be (1 - 5/(-7))/(26/273). What is the highest common factor of y and k?
18
Let s = -1250 - -1556. Calculate the greatest common factor of s and 144.
18
Suppose 4*o + 3*k = 15 + 44, 29 = 4*o - 3*k. Let r = -445 + 522. What is the highest common factor of o and r?
11
Let n be (2 + (-1 - -1))*1. Let o be (12/n)/(6/(-4)). Let f(s) = -6*s - 4. Let d be f(o). What is the highest common factor of d and 30?
10
Let m(t) = -10*t + 11. Let f be m(5). Let k = f - -41. What is the greatest common divisor of k and 4?
2
Let w(q) = q**3 - 15*q**2 + 14*q + 24. Let g be w(14). Calculate the highest common divisor of 168 and g.
24
Let a = -9 - 1. Let l = a - -13. Suppose l*m - 8*m + 270 = 0. What is the greatest common divisor of 36 and m?
18
Let x = -10 - -14. Let m be 21/x - 21/84. Calculate the highest common divisor of m and 15.
5
Suppose 16*b + 39 = 19*b. Let z be 1/2*(b + -1). Suppose 2*m - 36 = -0*m. What is the highest common factor of z and m?
6
Let b be 4/(8/6) + -2. Let g(a) = 25*a**3 - 2*a**2 + 2*a - 1. Let s be g(b). What is the greatest common divisor of 120 and s?
24
Let g(t) = 3*t**2 - 71*t + 54. Let x be g(23). What is the highest common factor of 104 and x?
8
Suppose 0 = -3*x + 8*x - 360. Suppose 0 = 5*m - 4*m + 5, -2*m = 2*j - x. Let i = j + -26. What is the greatest common factor of i and 30?
15
Let v = -73 + 65. Let s be 5*v/(-10) + 5. Calculate the greatest common factor of s and 1.
1
Let h(x) = -x**3 + 6*x**2 - 4*x - 2. Let i be h(5). Suppose -231 = i*u - 6*u. What is the greatest common factor of 11 and u?
11
Suppose 26*y - 49*y = -7245. What is the highest common factor of y and 90?
45
Let f be (-359)/(-8) - ((-294)/48 + 6). What is the highest common factor of f and 105?
15
Let o be 4*1 - 245/(-49). Calculate the highest common factor of 87 and o.
3
Suppose 7 = -22*h + 21*h. Let y = h - -107. What is the highest common divisor of 10 and y?
10
Let n = 13 - 5. Suppose -153*j = -142*j - 22. Calculate the greatest common divisor of j and n.
2
Suppose 4*o - 817 = -321. Calculate the greatest common factor of o and 31.
31
Suppose 23*v + 77 = 30*v. What is the greatest common divisor of 187 and v?
11
Let m be (-228)/(-4) - (-3 + 4). Let f(n) = 5*n**2 + 9*n + 14. Let b be f(-6). Calculate the highest common divisor of b and m.
28
Suppose 2*b = -5*t - b + 813, -3*b = 12. Suppose -16*f + 8*f = -296. Suppose 2*w + 7 - f = 0. Calculate the greatest common divisor of t and w.
15
Let l(u) = 5*u + 81. Let m be l(-9). Suppose 94 + 14 = 2*k. Calculate the highest common factor of k and m.
18
Suppose 2852 = 4*q - 3*s - s, 2*s = -10. Calculate the highest common factor of q and 24.
12
Let c be 10*(-7)/(-70)*(60 + 0). Let a = -53 - -77. Calculate the greatest common factor of a and c.
12
Suppose -232*b = -222*b - 780. What is the highest common divisor of b and 24?
6
Suppose -613 = -8*d - 37. Let o = d + -63. Let n = 5 + -4. What is the highest common factor of o and n?
1
Suppose 5*k - 3317 = -797. What is the highest common factor of 63 and k?
63
Suppose -5*z + 5 = 2*o, -2*o - 34 = -3*z + 3*o. Suppose z*a = 5*f + 101 - 6, -34 = -2*a - 4*f. What is the highest common factor of 200 and a?
25
Suppose 32 - 10 = i. Let q(x) = -32*x**3 - 33*x - 32. Let b be q(-1). Calculate the highest common divisor of i and b.
11
Let k = 12 + -7. Suppose -11 = -k*o + 19. Let l = -2 + o. Calculate the greatest common divisor of l and 28.
4
Let u = -11 + -30. Let x = 7 - 4. Let k be (-3)/(-9) - u/x. Calculate the greatest common divisor of 21 and k.
7
Let y = 14 - 3. Let o(q) = q**3 - 3*q**2 + 14*q - 10. Let i be o(5). What is the highest common divisor of i and y?
11
Let d be 0*(2 + -5 + 2). Let c(v) = v**2 - v + 1. Let j be c(d). Let g(t) = 4*t**3 - t. Let a be g(1). What is the greatest common divisor of j and a?
1
Let n be ((-56)/42)/(2/(-6)). Suppose -5*s = 3*m, n*s - 11 = 2*s + m. What is the greatest common divisor of s and 9?
3
Let g = 236 - 201. Let l be (-2)/5 - ((-74)/10 + 2). What is the highest common factor of g and l?
5
Let m = -455 - -686. Calculate the greatest common divisor of 84 and m.
21
Suppose 2*n - 7*n = t - 91, -25 = -5*n. What is the highest common factor of 704 and t?
22
Suppose 27*i - 14706 = 10647. Calculate the greatest common factor of 3 and i.
3
Let d(m) be the third derivative of -m**4/24 - m**3/6 + 3*m**2. Let f be -6*((-1)/(-4))/(15/40). Let c be d(f). What is the greatest common divisor of 6 and c?
3
Suppose 0 = 3*t + l - 193, 0 = 5*t - 5*l + 85 - 400. What is the highest common factor of t and 1728?
64
Let z = 114 - 50. Let y(g) = 6*g**2 - 25*g + 12. Let b be y(4). Calculate the greatest common divisor of b and z.
8
Suppose -15*q - 19*q = -29920. What is the greatest common divisor of 44 and q?
44
Let p(j) = 3*j**2 + 3*j. Let d be p(4). Suppose 12*i - 493 = -205. What is the highest common divisor of d and i?
12
Let a = -2960 + 2974. Calculate the highest common factor of 2926 and a.
14
Let p be ((-1)/(-2))/(-1) + (-2869)/(-38). Let y = 10 - 0. Let k be y/(-25) - 127/(-5). Calculate the greatest common factor of k and p.
25
Let m = 5 - 4. Let r be -183 - (4/4 + m). Let u = -89 - r. Calculate the greatest common divisor of 32 and u.
32
Let b be ((-18)/45)/((-2)/70). Calculate the greatest common factor of b and 77.
7
Let r = 73 + -74. Let m = r + 16. What is the greatest common factor of 20 and m?
5
Suppose -18 = -p - 4*k, 2*k = 4*p - 0*k. What is the highest common factor of p and 122?
2
Let a(n) = -n**2 + 15*n + 32. Let t be a(16). Suppose 3*v = -2*f + 86, 0 = -f + v + t + 22. Calculate the highest common divisor of f and 160.
40
Suppose 3449 - 324 = 25*g. Calculate the greatest common factor of g and 100.
25
Let w = 298 + -278. Calculate the greatest common factor of w and 4.
4
Let s be ((-3)/(-2))/(1/(-36)). Let d = -28 - s. What is the highest common factor of 52 and d?
26
Let j(m) = -24*m + 2. Let f be j(-4). Let q = 8008 + -7980. Calculate the highest common factor of q and f.
14
Suppose 9*a - 1340 = 1000. What is the highest common divisor of a and 20?
20
Let o(v) = -v**2 + 34. Let n be o(0). Let y be 1/(385/(-195) + 2). Suppose -9*c = -y - 114. What is the highest common divisor of n and c?
17
Let l(s) = -7*s + 12. Let m be l(-1). What is the greatest common factor of 38 and m?
19
Let g = -1105 - -1135. What is the greatest common factor of 12 and g?
6
Let r = 233 + -204. Suppose 0 = 2*l - l - 2. Let v be l/11 - 4462/(-22). What is the greatest common factor of r and v?
29
Let m(y) = 6*y - 8. Let b be m(2). Let l = 5 - 5. Let s be 1/(2/12 + l). Calculate the highest common factor of s and b.
2
Suppose 5*x + 5*s - 6*s - 68 = 0, 62 = 5*x - 4*s. Suppose -u - 279 = -3*b + 4*u, 0 = 4*u - 12. Calculate the highest common divisor of b and x.
14
Suppose -4 + 14 = 2*y. Suppose 53*z - 19*z = 850. What is the highest common factor of y and z?
5
Let x(k) = -3*k**3 - 19*k**2 - 16*k - 8. Let q be x(-6). Calculate the highest common factor of q and 858.
26
Let n be -3 - (-75)/(3 + 0). Let h be (-17)/(-7) - 12/28 - -2. Suppose -u + 98 = 3*o, u + 2*u - 129 = -h*o. Calculate the highest common factor of o and n.
11
Let c(d) be t